60?
231406
In base 4, what is -13301011113 + 20?
-13301011033
In base 6, what is -1343 - -3435202?
3433415
In base 13, what is -9881868 - 2?
-988186a
In base 10, what is 52414435 + 0?
52414435
In base 5, what is -421212 + -414?
-422131
In base 12, what is 657b5 + bb?
658b4
In base 16, what is -80 - 510?
-590
In base 12, what is 4495b - -3a23?
48782
In base 7, what is 1013 - -313?
1326
In base 10, what is 32257 - 1850?
30407
In base 7, what is 5 + 346264?
346302
In base 9, what is -17 + -3706118?
-3706136
In base 9, what is -352055 + 434?
-351521
In base 5, what is 31 - -422204424?
422210010
In base 6, what is 4112113440 + -5?
4112113431
In base 2, what is -111001001000111110100100 - -11?
-111001001000111110100001
In base 10, what is -792508 - -12?
-792496
In base 7, what is 161 + -2405325?
-2405134
In base 5, what is 11341 + 3300420?
3312311
In base 12, what is -1 - a35557?
-a35558
In base 13, what is -3 - -14547538?
14547535
In base 10, what is 0 + 66478549?
66478549
In base 12, what is 5426a31 - 2?
5426a2b
In base 9, what is -814805 + 246?
-814548
In base 12, what is -516034 - 5?
-516039
In base 14, what is -b1c8 - -788?
-a840
In base 16, what is 4ee + 18d4?
1dc2
In base 16, what is -5656a71 + 4?
-5656a6d
In base 8, what is -53450 + -160?
-53630
In base 15, what is -3a - 151d3?
-1521d
In base 14, what is -1364066 - 28?
-1364090
In base 13, what is 4 + 261021?
261025
In base 6, what is 112324 - -4100?
120424
In base 13, what is -445 - -4204?
3a8c
In base 10, what is 348931550 - 1?
348931549
In base 7, what is 1000526434 + 0?
1000526434
In base 2, what is -1110110001111101011010 + 10?
-1110110001111101011000
In base 3, what is 0 - -122102111112111?
122102111112111
In base 6, what is 1250041 + -123?
1245514
In base 12, what is 51442a4 + -5?
514429b
In base 12, what is -21892 + -327?
-21bb9
In base 2, what is -11 + -1101011001011100110101110011?
-1101011001011100110101110110
In base 2, what is -100010110011 + 1111101101011001?
1111001010100110
In base 2, what is 10000100001 - 10101101000110010?
-10101011000010001
In base 2, what is 1110101000 + 1011101011000?
1101100000000
In base 10, what is -210 - 585461?
-585671
In base 10, what is -6 - -55144900?
55144894
In base 13, what is -55124c7 + -2?
-55124c9
In base 14, what is 1492501 + -3?
14924dc
In base 3, what is -102010111 - 12210121?
-121221002
In base 4, what is -331 + -23313212?
-23320203
In base 11, what is -3a - -204378?
204339
In base 5, what is 40041 + -120134?
-30043
In base 5, what is -212304313233 - 20?
-212304313303
In base 5, what is -112 + 1034024212?
1034024100
In base 8, what is 7613 + 1442?
11255
In base 9, what is 33 - 22051571?
-22051537
In base 10, what is 5179099 + -3?
5179096
In base 14, what is -3363 + 7b1?
-2992
In base 15, what is -3bd - 2bd2?
-30a0
In base 10, what is -92019105 + -5?
-92019110
In base 3, what is -1 - 12021100111112012?
-12021100111112020
In base 9, what is -1 + 222168504?
222168503
In base 6, what is -20 - -5011542215?
5011542155
In base 2, what is 101 - 11101110010000011100110?
-11101110010000011100001
In base 15, what is -b3b2a88 + 4?
-b3b2a84
In base 5, what is 431221042 - -10?
431221102
In base 3, what is 2210100112001 - -20?
2210100112021
In base 13, what is a16 - 9c801?
-9bab8
In base 6, what is 5 - -23311535304?
23311535313
In base 13, what is -64023 - -58?
-63c98
In base 14, what is -5 + -4d15b3?
-4d15b8
In base 9, what is 8154425 + 0?
8154425
In base 4, what is -1012333000 - -212?
-1012332122
In base 15, what is 100 + -126c74?
-126b74
In base 14, what is 125cc4 - 1?
125cc3
In base 11, what is 4 - 31417853?
-3141784a
In base 2, what is 11010101111111111101 + -111010?
11010101111111000011
In base 9, what is -10136450 + 36?
-10136413
In base 12, what is -5 - 17157515?
-1715751a
In base 15, what is 92347 + -4?
92343
In base 11, what is 5 - 3251109?
-3251104
In base 7, what is 3635 - -123430?
130365
In base 6, what is -113 + -11234011?
-11234124
In base 15, what is 2125 - -ce1?
2e16
In base 15, what is -45 - -1752a9?
175264
In base 10, what is 0 + 29838159?
29838159
In base 14, what is 8 - -2c539?
2c543
In base 6, what is -14044134340 + -4?
-14044134344
In base 11, what is -143471 + 93?
-143389
In base 2, what is 10000100011110011000 - 1001?
10000100011110001111
In base 9, what is -738076 + -472?
-738558
In base 15, what is 1863b3 - 5?
1863ad
In base 8, what is -1477543676 + 0?
-1477543676
In base 7, what is -54223301 + -5?
-54223306
In base 11, what is -49 - -15669?
15620
In base 9, what is -1442 - -32556?
31114
In base 10, what is -235152950 + -3?
-235152953
In base 13, what is 49487 + -478?
4900c
In base 8, what is -12 - -115032212?
115032200
In base 16, what is -257bc0 - -a?
-257bb6
In base 16, what is -1aba3 + -a15?
-1b5b8
In base 16, what is -2f + -253db?
-2540a
In base 8, what is -303 + -37303?
-37606
In base 16, what is 49d1d - 77?
49ca6
In base 15, what is -1c2 + 3b11?
393e
In base 2, what is 111010101111101 - -10111000?
111011000110101
In base 12, what is -5 - a107359?
-a107362
In base 6, what is -215132 + 124?
-215004
In base 2, what is -101010011010010110100000 - 100?
-101010011010010110100100
In base 8, what is 1 - 37216753?
-37216752
In base 11, what is -3183a70 - -25?
-3183a46
In base 7, what is -33120 - -466?
-32321
In base 10, what is -5751 - -40521?
34770
In base 4, what is 0 - 1222133310132?
-1222133310132
In base 14, what is -1a9637 - 23b?
-1a9874
In base 10, what is -1915186 - 191?
-1915377
In base 7, what is -5354121 - -6?
-5354112
In base 11, what is 1 + -84095533?
-84095532
In base 9, what is -1102363 + 7?
-1102355
In base 2, what is 10000 + 11101110111001100?
11101110111011100
In base 8, what is 325 + 372714?
373241
In base 15, what is -4de - d519?
-da08
In base 13, what is -8bc41a - 149?
-8bc566
In base 8, what is 41 - 17535?
-17474
In base 3, what is -110210022010011122 + -10?
-110210022010011202
In base 13, what is 167172c + a8?
1671807
In base 14, what is -a31 + -2d3?
-d24
In base 16, what is 2af2ca + -b?
2af2bf
In base 14, what is 229a6 - -da?
22aa2
In base 2, what is 100 - 11111111011000001011100111?
-11111111011000001011100011
In base 12, what is -5bb2b + 5283?
-56868
In base 16, what is -36 - -60fa6c?
60fa36
In base 3, what is 1210 + 111101212012101?
111101212021011
In base 4, what is 133003 - -213102?
1012111
In base 13, what is -1a + 4a6887b?
4a68861
In base 2, what is -1010000110 + 101111100000111100?
101111010110110110
In base 14, what is 1 - -13db909d?
13db90a0
In base 8, what is -1623765 - 1562?
-1625547
In base 13, what is -10 + -120066?
-120076
In base 5, what is 133133440100 + -4?
133133440041
In base 3, what is 2 - -11001012001221?
11001012002000
In base 16, what is -6ae - f7c?
-162a
In base 16, what is 2 + 61b14e8?
61b14ea
In base 14, what is -1 + -183d59?
-183d5a
In base 7, what is -231030 - 521?
-231551
In base 15, what is -16 + 1cce62?
1cce4b
In base 10, what is 1 + 5163206?
5163207
In base 8, what is -173255037 - 1?
-173255040
In base 10, what is -25247 - -188?
-25059
In base 16, what is a16 + -500?
516
In base 6, what is 4 - 30453341?
-30453333
In base 7, what is -1006 + 361616?
360610
In base 15, what is -c + -9cadec?
-9cae09
In base 9, what is -640 - -106743?
106103
In base 2, what is -101110101 + -1111110111?
-10101101100
In base 11, what is -693a - -a128?
3299
In base 12, what is 1 - 298541?
-298540
In base 7, what is 321234 + 2165?
323432
In base 14, what is 10 - -196a54?
196a64
In base 15, what is -70b - -7187?
697b
In base 5, what is 102014 - 14034?
32430
In base 6, what is -40341 + -431004?
-511345
In base 6, what is -320 - 21240?
-22000
In base 9, what is 154 - -55838?
56103
In base 6, what is 244350 + 310?
245100
In base 8, what is -155 + 16543514?
16543337
In base 3, what is -1000 + 2101001111011002?
2101001111010002
In base 15, what is 10 - 421913?
-421903
In base 4, what is 1103211320 - -2230?
1103220210
In base 10, what is -1 - -58489398?
58489397
In base 7, what is 0 + -1301652?
-1301652
In base 12, what is -16 + b15b8?
b15a2
In base 16, what is -38d6124 - 5?
-38d6129
In base 2, what is -101111100011101 - 11010100000010?
-1001010000011111
In base 9, what is 15628687 + -5?
15628682
In base 11, what is 3259 + 129?
3387
In base 15, what is -10553b + 62?
-1054c9
In base 9, what is -3516